9, what is 2 + 16224?
16226
In base 2, what is 10011010100110 - 1011?
10011010011011
In base 7, what is -5440 - -61?
-5346
In base 5, what is 2431 - 1321?
1110
In base 9, what is -4117 - -21?
-4086
In base 3, what is 112 + 12020011?
12020200
In base 15, what is -3a1d + 5?
-3a18
In base 8, what is 105564 - 6?
105556
In base 6, what is -1014 + -113?
-1131
In base 9, what is 111306 - -1?
111307
In base 12, what is -2720 - 0?
-2720
In base 7, what is 5031 - 0?
5031
In base 6, what is -51 + -111555?
-112050
In base 9, what is -1378814 + 3?
-1378811
In base 6, what is 503112 + -2?
503110
In base 7, what is 314433 - -5?
314441
In base 2, what is 1011001101010 - 10100101?
1010111000101
In base 8, what is -12 + 770?
756
In base 3, what is 1 - -200111100200?
200111100201
In base 5, what is 124310401 + -3?
124310343
In base 14, what is -9 + -1904?
-190d
In base 2, what is -10111110011111010000100 + -100?
-10111110011111010001000
In base 5, what is 33 + 1003133?
1003221
In base 5, what is 4 - 2001440?
-2001431
In base 16, what is 89 + -1520?
-1497
In base 10, what is 228 - -35?
263
In base 3, what is -12 - -10022102100?
10022102011
In base 6, what is 21014120 + 4?
21014124
In base 13, what is 22a71 + -5?
22a69
In base 12, what is -44 - 110?
-154
In base 6, what is 45 - -415?
504
In base 10, what is -25 + -1878?
-1903
In base 16, what is -15 + -985?
-99a
In base 16, what is f781e + -1?
f781d
In base 11, what is 29a - 431a?
-4030
In base 13, what is -5 - -985c8?
985c3
In base 9, what is 2 - 44676?
-44674
In base 12, what is 3 - 44806?
-44803
In base 12, what is -3 - 3a1?
-3a4
In base 7, what is -2115521 + -12?
-2115533
In base 15, what is -251 - 38?
-289
In base 8, what is -5 + -1471145?
-1471152
In base 5, what is -203 + -4112?
-4320
In base 12, what is -57 + b7a9?
b752
In base 9, what is 10 + 37003?
37013
In base 7, what is -3350642 - -2?
-3350640
In base 10, what is 47 - -60?
107
In base 6, what is 23 + 4222?
4245
In base 14, what is 1 + 20ad8?
20ad9
In base 6, what is 31341 + 0?
31341
In base 15, what is -9d31 + -55?
-9d86
In base 13, what is -24c9a - -3?
-24c97
In base 9, what is 4113 + -2?
4111
In base 13, what is -61 - 10a2?
-1133
In base 12, what is -7ab0 + 57?
-7a55
In base 16, what is 61 + 2b5?
316
In base 6, what is -4555452 - 2?
-4555454
In base 15, what is 66e + 21?
690
In base 15, what is -4 + 1a489?
1a485
In base 5, what is -1144 - -124300?
123101
In base 9, what is -48 + -1160?
-1218
In base 6, what is 3 - 304040?
-304033
In base 5, what is 3 - -12244431?
12244434
In base 16, what is a4c1 + -15?
a4ac
In base 5, what is -204200413 + -10?
-204200423
In base 4, what is -10032 - 13131?
-23223
In base 11, what is -220 + 395?
175
In base 2, what is -11011 - 111111001010?
-111111100101
In base 13, what is -305 - -388?
83
In base 16, what is 8b - da3?
-d18
In base 2, what is 11 + 110001111011?
110001111110
In base 16, what is 69 - 1f?
4a
In base 16, what is 2845 - 84?
27c1
In base 12, what is -1 - -156527?
156526
In base 4, what is 12 + -2223101201?
-2223101123
In base 7, what is -451153 - -5?
-451145
In base 10, what is 4334 - -195?
4529
In base 4, what is -20132003 + -10?
-20132013
In base 6, what is -541 - -554?
13
In base 9, what is 26 - 20062?
-20035
In base 7, what is -3 + 353?
350
In base 8, what is 111313 + -2?
111311
In base 15, what is -2014 - 2?
-2016
In base 14, what is 6b8672 - 3?
6b866d
In base 5, what is 2 + -11414134?
-11414132
In base 8, what is 20623605 - 0?
20623605
In base 10, what is 5 - -351900?
351905
In base 14, what is -1 - 504?
-505
In base 4, what is -30 - 3102230?
-3102320
In base 9, what is -431 + 218?
-212
In base 3, what is 11 + 222010200?
222010211
In base 11, what is -a0514 - -5?
-a050a
In base 4, what is 13 + 1220322?
1221001
In base 15, what is -1 + -58c98?
-58c99
In base 10, what is 54513 + -4?
54509
In base 13, what is 233 + 779?
9ac
In base 9, what is -217 + 10878?
10661
In base 12, what is 25 - 38?
-13
In base 14, what is 1ca4 + d?
1cb3
In base 12, what is -5 + 7147?
7142
In base 13, what is 0 + 990cc?
990cc
In base 2, what is -11 + -10000011101010000?
-10000011101010011
In base 12, what is 458b - 1?
458a
In base 12, what is 2 - -2b8a9?
2b8ab
In base 3, what is 120122 - 102?
120020
In base 13, what is -7 - -319b?
3194
In base 6, what is -44 - -4303?
4215
In base 8, what is 5630 - 36?
5572
In base 4, what is 121 - -20311100?
20311221
In base 3, what is -2010102 - 10211001?
-12221110
In base 6, what is 13034 + -154?
12440
In base 6, what is -1130 + 1404?
234
In base 15, what is -20d36 - -3?
-20d33
In base 13, what is 2 - -4a5?
4a7
In base 9, what is 812715 - -2?
812717
In base 4, what is 22001 + 20?
22021
In base 5, what is 2002014 - -24?
2002043
In base 14, what is -357643 - -4?
-35763d
In base 11, what is -175831 - -14?
-175818
In base 3, what is 1211211110 - 1112?
1211202221
In base 9, what is -113 - 584?
-707
In base 5, what is -2403420 + -1?
-2403421
In base 2, what is -1001101110000 - -110?
-1001101101010
In base 2, what is -110011111111 + 101111?
-110011010000
In base 3, what is -1200220212 - -112?
-1200220100
In base 13, what is -51c + a?
-512
In base 16, what is 2704 - -2?
2706
In base 12, what is -213 - -23?
-1b0
In base 6, what is 1 + -41142?
-41141
In base 4, what is 2301022 + 1?
2301023
In base 9, what is 1 - -153741?
153742
In base 8, what is 24 + -53737?
-53713
In base 10, what is 12 + 39898?
39910
In base 5, what is -24 - -4414?
4340
In base 8, what is -564300 + -3?
-564303
In base 9, what is 3234 + 0?
3234
In base 14, what is -92d - 0?
-92d
In base 3, what is -1111020 - -201?
-1110112
In base 4, what is 12 + 3331222?
3331300
In base 5, what is 120 - -1313020?
1313140
In base 7, what is 6 - 5142652?
-5142643
In base 7, what is 462 + 213?
1005
In base 11, what is 3 - 936508?
-936505
In base 16, what is 323b0 - 5?
323ab
In base 4, what is 331 - 102031032?
-102030101
In base 13, what is -c3 + -c77?
-106a
In base 4, what is -123113231 + -32?
-123113323
In base 14, what is 14b + 31?
17c
In base 2, what is -1100111011 + 10100110?
-1010010101
In base 15, what is 0 - 4bbae?
-4bbae
In base 9, what is 1665 + -1577?
77
In base 9, what is 40 + -10533?
-10483
In base 8, what is 344 - 152?
172
In base 12, what is 473 + 114?
587
In base 8, what is 353 + 10065?
10440
In base 11, what is -2798 - 2?
-279a
In base 3, what is -2002 - -1210102?
1201100
In base 16, what is -3695a + -2?
-3695c
In base 9, what is -15482 + -145?
-15637
In base 7, what is 15 + 63541?
63556
In base 3, what is 11211020011 + 11?
11211020022
In base 2, what is -10 + -101010110000100?
-101010110000110
In base 7, what is 1213 + -145?
1035
In base 6, what is 31 + 212230?
212301
In base 13, what is -20 + -566?
-586
In base 8, what is 44 - 5147?
-5103
In base 16, what is 22cfa + -b?
22cef
In base 9, what is 0 + -11663?
-11663
In base 2, what is 11 - -110011110010000?
110011110010011
In base 14, what is -7bda - -58?
-7b82
In base 16, what is 2a05 - -11?
2a16
In base 8, what is 10302 - 1?
10301
In base 5, what is 30 - -1042211?
1042241
In base 4, what is -32130233120 - 2?
-32130233122
In base 5, what is 2 - 10203344?
-10203342
In base 8, what is 32262 + -32?
32230
In base 11, what is -1 - 18233a?
-182340
In base 15, what is 0 - 52c?
-52c
In base 13, what is 34 + -2452?
-241b
In base 13, what is 93 - -250?
313
In base 5, what is -1 + -1113314?
-1113320
In base 16, what is -1 + -469a7?
-469a8
In base 3, what is 201120212 - -22?
201121011
In base 8, what is -23530 + 2?
-23526
In base 10, what is 130 + -1187?
-1057
In base 12, what is 2 + -2aa07?
-2aa05
In base 2, what is -10001101010000100 - -101?
-10001101001111111
In base 11, what is -1317 + -1531?
-2848
In base 9, what is 422 + 2684?
3216
In base 9, what is 1468436 - -1?
1468437
In base 3, what is 12 - 22112020110?
-22112020021
In base 15, what is c130 + -e?
c121
In base 2, what is -10 - -10111110011010000?
10111110011001110
In base 9, what is 1560 + 110?
1670
In base 13, what is 3949 - -2?
394b
In base 15, what is -3 - -93068?
93065
In base 15, what is -6129 - 10?
-6139
In base 3, what is -12 - 221200211001?
-221200211020
In base 8, what is 11763 + -13?
11750
In base 12, what is 17 - -95343?
9535a
In base 5, what is -2 - 21212004?
-21212011
In base 13, what is -1 - -3396?
3395
In base 7, what i